 a = 556 + -310. List the prime factors of a.
2, 3, 41
Let p = 31 - 17. What are the prime factors of 1/4 + p/8?
2
Suppose -q = 5 - 15. What are the prime factors of q?
2, 5
Let p = -21 - -26. What are the prime factors of p?
5
Let f(y) = -20*y + 35. What are the prime factors of f(-6)?
5, 31
Suppose 5*m - 63 - 67 = -5*r, 3*m + 97 = 4*r. Suppose v - r = -7. What are the prime factors of v?
2, 3
Let y(w) = -w**2 - 6*w. Let t be y(-6). Suppose 0 = -3*x - 2*x, 4*i + 3*x + 8 = t. What are the prime factors of i + (-14)/(-1) + -1?
11
Let w = -12 + 19. List the prime factors of w.
7
Let c(p) = p**3 - 7*p**2 - 2*p + 6. Let k = 12 + -5. Let l be c(k). Let s = -3 - l. List the prime factors of s.
5
Let y be (-1)/4 - 315/(-28). Suppose 2*q + 5 = y. What are the prime factors of q?
3
Let i(n) = 8*n. Let m be (0 - -1) + -1 + 1. What are the prime factors of i(m)?
2
Let f = -12 - -14. Suppose 0 = -p - 2, -f*k - 3*k - 5*p = -100. What are the prime factors of k?
2, 11
Let j = -2 - -5. Suppose r - 4*r = -j*l + 42, -4*l - 43 = 5*r. Let d = -5 - r. What are the prime factors of d?
2, 3
Suppose 12 = 2*f + 4. List the prime factors of f.
2
Suppose 3*y = 39 + 42. What are the prime factors of y?
3
Let t(f) = 11*f + 8. What are the prime factors of t(5)?
3, 7
Let s(d) = -d**3 + 3*d**2 + 4*d - 5. Let o be s(4). Let f(l) = 2*l + 13. Let i be f(-12). Let a = o - i. What are the prime factors of a?
2, 3
Suppose -c + 2*w + 45 = 0, 9*w - 4*w + 20 = 0. List the prime factors of c.
37
Suppose 3*k + 113 = 5*o, 3*o + 71 = 6*o - 5*k. List the prime factors of o.
2, 11
Suppose 5*t + m = -25, -t - m = -2*m + 5. Suppose -40 = -c + 5*c. What are the prime factors of (-34)/c - (-2)/t?
3
Suppose 5*k - y - 81 - 551 = 0, 4*y + 8 = 0. What are the prime factors of k?
2, 3, 7
Suppose 3*l + 2 = -1. Let m(c) = c**2 + c + 1. Let g be m(l). What are the prime factors of 1/(3/6*g)?
2
Let p = -14 + 16. List the prime factors of p.
2
Suppose -4*c + 2*d + 12 = 0, 5*c - 5*d - 1 - 9 = 0. List the prime factors of c.
2
Let t be 1/(-2)*(0 - 0). Suppose -2*s = -t - 20. What are the prime factors of s?
2, 5
What are the prime factors of (3/6)/(4/320)?
2, 5
List the prime factors of 36 - (-27)/18*(-4)/6.
5, 7
Let k = -1 - -4. Suppose b = -5*n + 10, 8*n + k*b = 3*n + 10. What are the prime factors of n/(-10) - (-123)/15?
2
Suppose 0 = 5*g + 107 - 292. List the prime factors of g.
37
Let s(z) = -4*z - 7. Let u(i) = 5*i + 8. Let q(n) = -3*s(n) - 2*u(n). List the prime factors of q(6).
17
Let b be 104/(-12)*(-6)/4. Suppose b + 10 = 3*n + 5*g, g = -2. List the prime factors of n.
11
Let f = -4 + 1. Let i be 74/3 - 1/f. Suppose 0 = 2*q - i + 7. List the prime factors of q.
3
Suppose 6 = y - 7. What are the prime factors of y?
13
Let y(r) = -r**2 + r. Let w be y(3). Let h = w - -16. What are the prime factors of h?
2, 5
Let x(l) = l + 1. Let j(g) = g**3 + 6*g**2 - 5. Let f(v) = j(v) - 2*x(v). What are the prime factors of f(-5)?
2, 7
Suppose 0*r + 45 = 3*r. Let t = 21 - r. List the prime factors of 3/t*(1 - -3).
2
Let x(f) be the first derivative of f**2/2 + 4*f + 1. List the prime factors of x(13).
17
Suppose -3*w + 0*p - 4 = -2*p, -w - 3*p = 16. Let v(t) = t**2 - 4*t - 6. List the prime factors of v(w).
2, 13
Let c(r) = r**3 - r**2 - 4*r + 4. Let t be c(2). Let p be (5 - 2)*1/1. Let d = t + p. What are the prime factors of d?
3
Suppose j - 4*z + 0 = 15, -4*j = 2*z - 60. Let v(d) = d**2 - 15*d + 18. Let y be v(14). Let k = j - y. What are the prime factors of k?
11
Let m(p) = p**3 - 3*p**2 + 2*p - 1. Suppose 3*g = -3*l + 15, 4*g = -2*l + 15 - 3. What are the prime factors of m(l)?
23
Suppose 0 = m - 2*s - 52, 0 = 4*m - s + 4*s - 252. List the prime factors of m.
2, 3, 5
Let x(i) = -i + 2. Let d(a) = 5*a - 11 - 2*a - 2*a + 0*a. Let p be d(7). List the prime factors of x(p).
2, 3
Let b(u) = 2*u**3 - 4*u**2 + u + 4. List the prime factors of b(3).
5
Let a = 80 + -20. List the prime factors of a.
2, 3, 5
Let k be 15*(-6)/(-15)*1. Let s = 0 + k. List the prime factors of s.
2, 3
Suppose q - k - 2*k = 40, -3*k - 126 = -3*q. List the prime factors of q.
43
Let f be (4/1)/(0 + 2). Suppose 2*p + 24 = 5*p - f*j, -3*j = -2*p + 16. What are the prime factors of p?
2
Suppose 3*n - 2*n = -4. Let b(x) = x**3 + 5*x**2 + x + 2. What are the prime factors of b(n)?
2, 7
Suppose 0 = f - 3*f + 8. Suppose 5 = -3*v + c, -f*c + 13 = -3*v + 2. What are the prime factors of (-4)/v*(-2)/(-1)?
2
Let k = -26 - -16. Let l = k + 10. Suppose l = 2*b - 0*b - 8. List the prime factors of b.
2
Let c(s) = -3*s**3 - s**2 + 3*s + 1. Let q be c(-2). Let l(t) = 2*t - 3. Let w be l(-4). Let i = q + w. What are the prime factors of i?
2
List the prime factors of 30 - (20/(-4) - -2).
3, 11
Suppose -6*a + a = -325. What are the prime factors of a?
5, 13
Suppose u = 5*u - 4. Let k(v) = v**2 + 5*v. Let o be k(-6). Let m = u + o. What are the prime factors of m?
7
Let q(z) = -9 + 19 - 5 - 2 + 5*z**2 - z**3. List the prime factors of q(5).
3
Let w(j) = -j - 1. Let h be w(-4). Suppose 4*l = 3*b + 27, 0 = h*l + l + b - 7. List the prime factors of l.
3
Suppose 2*o - 4 = 92. Suppose 4*i + 96 = 5*x, -12 = 2*x - i - o. What are the prime factors of x?
2
Let c be (-28)/(-8) + 3/2. Let q(b) be the third derivative of b**4/24 + b**3/2 - b**2. What are the prime factors of q(c)?
2
Suppose -4*g = -7*g. Suppose g = -2*q + 4*a + 28, -3*q + 32 = -5*a - 9. List the prime factors of q.
2, 3
Let u be 23/5 + 4/10. Suppose 0 = -5*v + 4*b + 13, v - u*b = -3*v + 14. Suppose 3*m = 28 - v. List the prime factors of m.
3
Let s(g) be the second derivative of -g**5/2 - g**4/12 - g**3/3 - g**2/2 + 4*g. List the prime factors of s(-1).
2, 5
Let f = 22 - 17. Suppose 5*v = 6*w - w + 35, 0 = v + f*w + 11. List the prime factors of v.
2
Let z = -64 + 82. List the prime factors of z.
2, 3
Suppose 2*a - 10*a = -464. List the prime factors of a.
2, 29
Suppose -2*v = -5*p - 22, v = 2*v + 4. Let b = p - -20. List the prime factors of b.
2, 7
Let y(q) = q**2 - 4*q. Let u be y(5). Suppose 19 + 6 = u*n. What are the prime factors of n?
5
List the prime factors of (1 - -194) + 0 + -4*1.
191
Suppose 2*g + g = 15, -3*g + 159 = 3*p. List the prime factors of p.
2, 3
Suppose -u - 63 = -2*w + 2*u, 0 = 5*w - 2*u - 163. List the prime factors of w.
3, 11
Suppose 2*r = -2*r - 4. Let o be (r + 0)/((-2)/2). List the prime factors of 2 - -3 - o - -2.
2, 3
Let t be ((-612)/(-27))/(2/(-6)). What are the prime factors of 30/(-12)*t/5?
2, 17
Suppose 0 = 7*u - 2*u - 5*n - 35, 0 = 4*u - n - 22. Suppose 0 = -u*q + 22 - 2. List the prime factors of q.
2
Let q(j) = -j**3 + 7*j**2 + 2. Suppose 0 = b - 4 - 6. Let i be 66/b + (-4)/(-10). What are the prime factors of q(i)?
2
Let n(g) be the first derivative of -3*g**2/2 + 2*g - 1. List the prime factors of n(-9).
29
Let h be 6/(-9)*(3 - 51). What are the prime factors of 6*(h/(-6))/(-4)?
2
Suppose 8 + 0 = 4*f. Suppose -f*y + o = 14, -5*o + 22 = 3*y - 5*y. Let m(h) = -4*h - 9. What are the prime factors of m(y)?
3, 5
Let v = 7 - 2. List the prime factors of v.
5
Let c(a) = a**3. Let b be c(0). Suppose b = 3*k - 35 + 5. What are the prime factors of k?
2, 5
Let r be (-11 - -4)*-1*1. Let f(m) = r - 1 + m + 11. What are the prime factors of f(-7)?
2, 5
Let b = -3 - -3. Suppose b = n + d - 8, -4*d = -2*n - 0*d + 16. Suppose 0 = 5*a - n - 7. List the prime factors of a.
3
Suppose -3 = -3*x + 3, 3*x + 19 = 5*k. Let j(n) = n**2 - 3*n - 5. List the prime factors of j(k).
5
Suppose 0 = -4*f - 3*g - 7, -2*f + 9 = -g. Suppose 1 = -j, 4 = 2*w + 2*j - f. What are the prime factors of w?
2
Suppose 6 = -d + u - 1, 16 = 4*u. Let o = -2 - -4. List the prime factors of 3*((-10)/d)/o.
5
Suppose 17 + 1 = 3*b. Let t(q) = q**3 - 6*q**2 - 1. Let x be t(b). Let f = x - -4. List the prime factors of f.
3
Let f(k) = 4*k - 6*k + 3*k. Let c be f(3). List the prime factors of (-4)/(-6)*c*2.
2
Let c(j) = 7*j - 5. List the prime factors of c(11).
2, 3
Let q = -40 + 83. What are the prime factors of q?
43
Let i(m) = m - 5. Let y be i(5). Suppose y = -b - b + 18. What are the prime factors of b?
3
Let i be (-4)/(-6) - 50/(-6). Let a = 18 - i. List the prime factors of a.
3
Let y = 22 - 42. Let r = y + 41. What are the prime factors of r?
3, 7
Let u(m) = 2*m**2 + 9*m + 2. Let o be ((-1)/(-2))/